ase 12, what is 0 + -28766?
-28766
In base 6, what is 4052155 + 10?
4052205
In base 3, what is -12010 - 1010211?
-1022221
In base 6, what is 143231 + 5?
143240
In base 15, what is -179 - -24b2?
2338
In base 16, what is -ee74 - -4?
-ee70
In base 9, what is -120 + -4485?
-4615
In base 4, what is -23 - 13012?
-13101
In base 12, what is -2220 + 28?
-21b4
In base 13, what is 2acbc - 5?
2acb7
In base 5, what is -14032 - -404?
-13123
In base 16, what is 4 + -f700?
-f6fc
In base 7, what is -602056 + 12?
-602044
In base 12, what is 4a + 46a1?
472b
In base 14, what is -56 - 140?
-196
In base 10, what is 291 - -327?
618
In base 13, what is -58 - -184?
129
In base 10, what is -44 - 1142?
-1186
In base 9, what is -1230850 + -2?
-1230852
In base 9, what is -1005465 - -5?
-1005460
In base 15, what is -21d4c - 3?
-21d50
In base 5, what is 131414313 + 1?
131414314
In base 7, what is -52 + 1005165?
1005113
In base 5, what is -213 - -300443?
300230
In base 15, what is b9 + -207?
-13d
In base 16, what is 6 + -fc1?
-fbb
In base 16, what is -1981 - 5?
-1986
In base 7, what is -5105 + 2250?
-2525
In base 15, what is -2d + 210?
1d2
In base 3, what is 112200 + -1020?
111110
In base 14, what is -4 - -4927d?
49279
In base 14, what is -7372 - -11?
-7361
In base 8, what is -40 + 13347?
13307
In base 9, what is -416 - 488?
-1015
In base 8, what is 347 + -164?
163
In base 6, what is -210051 - -321?
-205330
In base 16, what is 1e711 + -4?
1e70d
In base 5, what is 242321 - 11?
242310
In base 12, what is 14b0813 - 1?
14b0812
In base 11, what is 156a46 - 0?
156a46
In base 6, what is 110 - -123?
233
In base 5, what is -32 - -431230?
431143
In base 14, what is -7 + -1017b?
-10184
In base 8, what is -122 - 365?
-507
In base 5, what is -344 + 4440?
4041
In base 6, what is -20 + -205424?
-205444
In base 3, what is -20 - -20022211212?
20022211122
In base 10, what is 12573 + 1?
12574
In base 12, what is -3 - 55538?
-5553b
In base 14, what is 4 + -109252?
-10924c
In base 10, what is -11 - 10?
-21
In base 4, what is -222121130 - 2?
-222121132
In base 6, what is -1344241 + 5?
-1344232
In base 14, what is 563 + 4dd?
a62
In base 5, what is 102 - 120034?
-114432
In base 8, what is -6 + -1531?
-1537
In base 5, what is -2 + 1012101?
1012044
In base 15, what is -5 - 10a?
-110
In base 9, what is 180371 - 4?
180366
In base 2, what is 10010000011 + 10010110?
10100011001
In base 7, what is 0 - -103223?
103223
In base 14, what is 73c6 + -2?
73c4
In base 6, what is -1005411 + 3?
-1005404
In base 7, what is 102116 - 0?
102116
In base 6, what is -4 + 313113?
313105
In base 14, what is 818c2 - 0?
818c2
In base 16, what is 7 + 48b?
492
In base 2, what is 100010100011100111 - -110?
100010100011101101
In base 2, what is -10001111110000001000 + 0?
-10001111110000001000
In base 8, what is -44 - 5422?
-5466
In base 11, what is 618 + 2?
61a
In base 16, what is 0 + 8a9c?
8a9c
In base 10, what is 8 - 313730?
-313722
In base 2, what is -1010100110 - 1011010?
-1100000000
In base 7, what is -405266 + 4?
-405262
In base 2, what is -1101101 - -10011000011?
10001010110
In base 3, what is -11112202 + 21110?
-11021022
In base 8, what is -2527 - -275?
-2232
In base 8, what is -14 + 57?
43
In base 3, what is 2010120 - 211201?
1021212
In base 8, what is 21173 + 5?
21200
In base 10, what is -98 - -5473?
5375
In base 8, what is -212415 + 60?
-212335
In base 2, what is 0 + -11101111100110?
-11101111100110
In base 15, what is 4a7 + -b22?
-66a
In base 14, what is -68c1 - -b?
-68b4
In base 13, what is -5 + -1392?
-1397
In base 4, what is 12 + -30212331?
-30212313
In base 4, what is -2 - -1211332012?
1211332010
In base 16, what is 95da4 + -4?
95da0
In base 6, what is -1145 - 115501?
-121050
In base 11, what is 10452 + 19?
10470
In base 2, what is 100010011010101110 + -101?
100010011010101001
In base 2, what is -1 - -1000111111001?
1000111111000
In base 4, what is 13100 - 3321?
3113
In base 5, what is 134100121 - 4?
134100112
In base 9, what is -531 + 1425?
784
In base 11, what is 17 + -18828?
-18811
In base 2, what is 1000001001101111110 - 101?
1000001001101111001
In base 7, what is -55 - -20?
-35
In base 14, what is -18 - 24827?
-24841
In base 6, what is -1022152 - 4?
-1022200
In base 4, what is -3 - 1031101323?
-1031101332
In base 8, what is 355 + 73?
450
In base 12, what is -b + -4583?
-4592
In base 13, what is -13 - -1313b?
13128
In base 16, what is -1d33 + 2?
-1d31
In base 7, what is 1036 + 20?
1056
In base 13, what is 5 + 1015a8?
1015b0
In base 15, what is 3 + -3b35?
-3b32
In base 11, what is 44 - -2238?
2281
In base 15, what is 51a498 - -2?
51a49a
In base 2, what is -1101100010100 - -101?
-1101100001111
In base 11, what is 21 - -614?
635
In base 9, what is 16 + 2313?
2330
In base 7, what is 50412046 + -3?
50412043
In base 12, what is -42ba5 + -2?
-42ba7
In base 9, what is 4 + 57326?
57331
In base 6, what is -4 + 4454?
4450
In base 15, what is -19 - 4ba94?
-4baad
In base 3, what is 101120020 + -20000?
101100020
In base 12, what is -292a - 16?
-2944
In base 7, what is 431 + -41126?
-40365
In base 14, what is -27 + 33ccc?
33ca5
In base 9, what is -1717 + -3127?
-4845
In base 4, what is -111 + 130033?
123322
In base 6, what is -3 + 523014?
523011
In base 15, what is -de + -18a?
-279
In base 10, what is -27931 - -10?
-27921
In base 7, what is -2550 - 564?
-3444
In base 13, what is 158194 - 2?
158192
In base 9, what is 2744068 - 0?
2744068
In base 9, what is 1275613 + -13?
1275600
In base 8, what is 0 - -1331107?
1331107
In base 12, what is 9787 + a?
9795
In base 11, what is 13383 + -3?
13380
In base 3, what is 120010 + -2222?
110011
In base 11, what is 114325 - 5?
114320
In base 3, what is 12 - -101002202?
101002221
In base 5, what is 3231 + 232421?
241202
In base 8, what is 2536 - -217?
2755
In base 3, what is -1022110 + 1200000?
100120
In base 12, what is -1 + 195655?
195654
In base 16, what is -42f + -199?
-5c8
In base 9, what is -374047 - -1?
-374046
In base 7, what is -15330311 + -1?
-15330312
In base 10, what is -1 - -183390?
183389
In base 11, what is -3494089 - 0?
-3494089
In base 3, what is 2 + 11022120000?
11022120002
In base 8, what is 5 + -17461?
-17454
In base 6, what is -4114 + 1130?
-2544
In base 11, what is -27 + -81838?
-81864
In base 13, what is -4 + -45b41?
-45b45
In base 16, what is -d - f6?
-103
In base 4, what is -10 - -222232201?
222232131
In base 14, what is bcc4 - 2?
bcc2
In base 15, what is -1 + 3413?
3412
In base 8, what is 5144 + 4?
5150
In base 14, what is 0 - 71c1?
-71c1
In base 3, what is 101021 + 11010211?
11112002
In base 15, what is -6da5 + 1d?
-6d87
In base 4, what is 11 + -3311?
-3300
In base 7, what is 103504 - -323?
104130
In base 12, what is -12a99 + -35?
-12b12
In base 10, what is -10384 - 233?
-10617
In base 3, what is -2221022000 - -101?
-2221021122
In base 14, what is -13d3d5a - -1?
-13d3d59
In base 12, what is 43aa - 4?
43a6
In base 6, what is 10 + -33502312?
-33502302
In base 12, what is 2a95 - -15?
2aaa
In base 11, what is 664 + 25?
689
In base 12, what is -921 + -133?
-a54
In base 12, what is 7 + 78637?
78642
In base 11, what is 630 + 189?
809
In base 11, what is 29167 + 8?
29174
In base 6, what is -5 + -32400?
-32405
In base 9, what is 3 + -262723?
-262720
In base 12, what is 3 - -a0614?
a0617
In base 12, what is -302 - 92?
-394
In base 5, what is -3 + -300102?
-300110
In base 13, what is 241630 - -5?
241635
In base 2, what is 111110 + -10010001011011?
-10010000011101
In base 9, what is 1 - 77624?
-77623
In base 3, what is -10 + 10011120210?
10011120200
In base 15, what is 4752e - -8?
47537
In base 6, what is 2221 - -555?
3220
In base 9, what is 2075 - -106?
2182
In base 4, what is 20333203 + -10?
20333133
In base 16, what is -3 - 1a498?
-1a49b
In base 5, what is -1130231044 - -10?
-1130231034
In base 5, what is -23403224 + 10?
-23403214
In base 11, what is -2 - 8465?
-8467
In base 14, what is 43 - 1545?
-1502
In base 5, what is -20114 - -23?
-20041
In base 3, what is 21 - -2102012112?
2102012210
In base 9, what is -585 - -570?
-15
In base 3, what is 21 - -20200111101?
20200111122
In base 4, what is -3 + -2111201333?
-2111202002
In base 7, what is -166546 - -123?
-166423
In base 15, what is 121b1 - -3?
121b4
In base 13, what is -87 - 481?
-538
In base 9, what is 0 + -14885?
